35?
4
What is the thousands digit of 8476693?
6
What is the units digit of 29352678?
8
What is the hundreds digit of 607329?
3
What is the hundred thousands digit of 893156?
8
What is the units digit of 150244?
4
What is the thousands digit of 188673?
8
What is the tens digit of 8452415?
1
What is the units digit of 42470?
0
What is the tens digit of 2638042?
4
What is the ten thousands digit of 6727871?
2
What is the hundred thousands digit of 271867?
2
What is the hundreds digit of 743568?
5
What is the millions digit of 5158850?
5
What is the tens digit of 8374213?
1
What is the ten thousands digit of 252807?
5
What is the ten thousands digit of 18227896?
2
What is the tens digit of 14778740?
4
What is the hundred thousands digit of 1008692?
0
What is the hundreds digit of 7319107?
1
What is the hundred thousands digit of 193126?
1
What is the tens digit of 30253720?
2
What is the tens digit of 17493?
9
What is the tens digit of 532595?
9
What is the units digit of 3419193?
3
What is the ten thousands digit of 525839?
2
What is the millions digit of 2373456?
2
What is the hundreds digit of 1083869?
8
What is the millions digit of 1264722?
1
What is the units digit of 2943539?
9
What is the thousands digit of 831063?
1
What is the ten millions digit of 22502883?
2
What is the units digit of 650889?
9
What is the ten thousands digit of 250747?
5
What is the hundreds digit of 1704318?
3
What is the units digit of 107396?
6
What is the ten thousands digit of 11073?
1
What is the thousands digit of 10884222?
4
What is the units digit of 62029?
9
What is the ten millions digit of 23940969?
2
What is the thousands digit of 5954650?
4
What is the ten thousands digit of 8156210?
5
What is the units digit of 162051?
1
What is the tens digit of 262479?
7
What is the tens digit of 161154?
5
What is the ten millions digit of 15963707?
1
What is the tens digit of 208184?
8
What is the tens digit of 4030481?
8
What is the thousands digit of 3743913?
3
What is the thousands digit of 187985?
7
What is the hundred thousands digit of 3771152?
7
What is the thousands digit of 251305?
1
What is the hundred thousands digit of 1427950?
4
What is the thousands digit of 1584833?
4
What is the thousands digit of 332953?
2
What is the hundreds digit of 2766160?
1
What is the millions digit of 1225466?
1
What is the hundreds digit of 21603706?
7
What is the hundreds digit of 750767?
7
What is the hundreds digit of 337062?
0
What is the hundreds digit of 280922?
9
What is the hundreds digit of 13751?
7
What is the hundred thousands digit of 454009?
4
What is the units digit of 291953?
3
What is the millions digit of 7006780?
7
What is the millions digit of 1458922?
1
What is the thousands digit of 1414445?
4
What is the hundreds digit of 392447?
4
What is the hundreds digit of 87472?
4
What is the hundreds digit of 12153?
1
What is the ten thousands digit of 1279556?
7
What is the tens digit of 2650755?
5
What is the units digit of 30915299?
9
What is the thousands digit of 164667?
4
What is the units digit of 5853153?
3
What is the thousands digit of 1103059?
3
What is the hundreds digit of 288807?
8
What is the ten thousands digit of 267419?
6
What is the thousands digit of 157732?
7
What is the hundred thousands digit of 1178210?
1
What is the hundred thousands digit of 209576?
2
What is the millions digit of 1937549?
1
What is the thousands digit of 59418?
9
What is the ten millions digit of 31001894?
3
What is the units digit of 395045?
5
What is the millions digit of 2581875?
2
What is the units digit of 1347081?
1
What is the ten thousands digit of 9596518?
9
What is the thousands digit of 5421401?
1
What is the units digit of 631374?
4
What is the thousands digit of 786938?
6
What is the ten thousands digit of 1158831?
5
What is the hundreds digit of 801486?
4
What is the ten thousands digit of 10748747?
4
What is the tens digit of 52561?
6
What is the tens digit of 111795?
9
What is the thousands digit of 4774924?
4
What is the hundreds digit of 1021874?
8
What is the hundred thousands digit of 293350?
2
What is the ten thousands digit of 3656338?
5
What is the units digit of 738303?
3
What is the ten millions digit of 11728743?
1
What is the millions digit of 2090090?
2
What is the hundred thousands digit of 5926868?
9
What is the hundreds digit of 121169?
1
What is the hundreds digit of 2004776?
7
What is the hundreds digit of 16562779?
7
What is the ten thousands digit of 2297187?
9
What is the hundreds digit of 2436103?
1
What is the ten thousands digit of 149703?
4
What is the units digit of 3668062?
2
What is the thousands digit of 8609660?
9
What is the hundreds digit of 1257350?
3
What is the ten thousands digit of 8656660?
5
What is the ten thousands digit of 12898444?
9
What is the units digit of 4414445?
5
What is the hundred thousands digit of 25495690?
4
What is the hundreds digit of 14081929?
9
What is the hundred thousands digit of 209059?
2
What is the hundred thousands digit of 215290?
2
What is the units digit of 974058?
8
What is the tens digit of 465555?
5
What is the hundreds digit of 1059712?
7
What is the hundred thousands digit of 155712?
1
What is the units digit of 1940464?
4
What is the hundreds digit of 29294015?
0
What is the ten thousands digit of 2865898?
6
What is the hundred thousands digit of 565916?
5
What is the thousands digit of 738561?
8
What is the units digit of 6621262?
2
What is the millions digit of 1735623?
1
What is the hundred thousands digit of 2636773?
6
What is the hundred thousands digit of 616182?
6
What is the tens digit of 12295999?
9
What is the hundred thousands digit of 939100?
9
What is the hundreds digit of 1310961?
9
What is the thousands digit of 424123?
4
What is the ten thousands digit of 506188?
0
What is the units digit of 263851?
1
What is the hundreds digit of 14660127?
1
What is the ten thousands digit of 1168829?
6
What is the hundreds digit of 4556518?
5
What is the ten thousands digit of 379551?
7
What is the thousands digit of 12852275?
2
What is the thousands digit of 650389?
0
What is the thousands digit of 3464063?
4
What is the thousands digit of 12473275?
3
What is the tens digit of 2826880?
8
What is the tens digit of 18323753?
5
What is the thousands digit of 1095968?
5
What is the units digit of 5250480?
0
What is the units digit of 496407?
7
What is the units digit of 3138755?
5
What is the hundreds digit of 520772?
7
What is the units digit of 729522?
2
What is the hundred thousands digit of 528607?
5
What is the ten thousands digit of 2341161?
4
What is the hundred thousands digit of 538723?
5
What is the units digit of 20856976?
6
What is the tens digit of 477829?
2
What is the thousands digit of 540120?
0
What is the hundred thousands digit of 1405132?
4
What is the hundreds digit of 18378802?
8
What is the thousands digit of 760533?
0
What is the thousands digit of 16542678?
2
What is the units digit of 52607?
7
What is the ten thousands digit of 249356?
4
What is the units digit of 1178023?
3
What is the millions digit of 4796041?
4
What is the hundred thousands digit of 24380515?
3
What is the units digit of 2758396?
6
What is the units digit of 135189?
9
What is the units digit of 911248?
8
What is the units digit of 588910?
0
What is the ten millions digit of 27013497?
2
What is the thousands digit of 5957304?
7
What is the thousands digit of 401504?
1
What is the units digit of 250454?
4
What is the units digit of 19554480?
0
What is the units digit of 35858?
8
What is the thousands digit of 808378?
8
What is the ten thousands digit of 460181?
6
What is the millions digit of 18354306?
8
What is the units digit of 27695640?
0
What is the units digit of 82563?
3
What is the hundreds digit of 39645?
6
What is the ten thousands digit of 18891936?
9
What is the units digit of 178784?
4
What is the units digit of 160456?
6
What is the hundred thousands digit of 13385027?
3
What is the hundreds digit of 238323?
3
What is the ten millions digit of 12224926?
1
What is the ten thousands digit of 645402?
4
What is the hundreds digit of 177419?
4
What is the units digit of 423914?
4
What is the thousands digit of 3425341?
5
What is the hundreds digit of 738601?
6
What is the th